{"id":461,"date":"2024-11-16T11:48:48","date_gmt":"2024-11-16T11:48:48","guid":{"rendered":"http:\/\/172.20.11.38:8081\/?page_id=461"},"modified":"2025-01-10T10:47:53","modified_gmt":"2025-01-10T10:47:53","slug":"base-de-donnees-bibliographioque-ouvrages-articles","status":"publish","type":"page","link":"https:\/\/qualilab-asa.com\/?page_id=461","title":{"rendered":"Base de donn\u00e9es bibliographioque (ouvrages, articles)"},"content":{"rendered":"<h1>Base de donn\u00e9es bibliographique<\/h1>\n<p>Une base de donn\u00e9es bibliographique, rassemblant une centaine de r\u00e9f\u00e9rences scientifiques, est mise \u00e0 disposition\u00a0des\u00a0chercheurs.<\/p>\n<p>Elle comprend des articles, rapports et ouvrages utilis\u00e9s tout au long du projet, facilitant un acc\u00e8s centralis\u00e9, rapide et structur\u00e9 aux ressources\u00a0pertinentes.<\/p>\n<p>\t\t\t\t\t<!DOCTYPE html><br \/>\n<html lang=\"en\"><br \/>\n<head><br \/>\n    <meta charset=\"UTF-8\"><br \/>\n    <meta name=\"viewport\" content=\"width=device-width, initial-scale=1.0\"><br \/>\n    <title>Tableau des Titres de Films<\/title><\/p>\n<style>\n        body {\n            font-family: Arial, sans-serif;\n            margin: 20px;\n        }\n        .search-bar {\n            margin-bottom: 20px;\n        }\n        table {\n            width: 100%;\n            border-collapse: collapse;\n        }\n        th, td {\n            border: 1px solid #ddd;\n            padding: 8px;\n            text-align: left;\n        }\n        th {\n            background-color: #f4f4f4;\n        }\n        tr:hover {\n            background-color: #f1f1f1;\n        }\n    <\/style>\n<p><\/head><br \/>\n<body><br \/>\n    <input type=\"text\" id=\"searchInput\" onkeyup=\"filterTable()\" placeholder=\"Rechercher...\"><\/p>\n<table id=\"moviesTable\">\n<thead>\n<tr>\n<th>Titre <\/th>\n<th>Lien<\/th>\n<\/tr>\n<\/thead>\n<tbody>\n<tr>\n<td> Vaccines hesitancy in Africa: how COVID-19 pandemic may affect malaria vaccination campaigns<\/td>\n<td><a href=\"https:\/\/www.ncbi.nlm.nih.gov\/pmc\/articles\/PMC9121680\/\" target=\"_blank\">Lien<\/a><\/td>\n<\/tr>\n<tr>\n<td> Vaccines and routine immunization strategies during the COVID-19 pandemic<\/td>\n<td><a href=\"https:\/\/www.tandfonline.com\/doi\/full\/10.1080\/21645515.2020.1804776\" target=\"_blank\">Lien<\/a><\/td>\n<\/tr>\n<tr>\n<td> The Impact of the COVID-19 Pandemic on Immunization Campaigns and Programs: A Systematic Review<\/td>\n<td><a href=\"https:\/\/www.mdpi.com\/1660-4601\/18\/3\/988\" target=\"_blank\">Lien<\/a><\/td>\n<\/tr>\n<tr>\n<td> Surge of Typhoid Intestinal Perforations as Possible Result of COVID-19\u2013Associated Delays in Seeking Care, Madagascar<\/td>\n<td><a href=\"https:\/\/wwwnc.cdc.gov\/eid\/article\/27\/12\/21-0516_article.htm\" target=\"_blank\">Lien<\/a><\/td>\n<\/tr>\n<tr>\n<td> SANTE PUBLIQUE \u2013 17,8% des enfants sont estim\u00e9s n\u2019avoir re\u00e7u aucun vaccin selon l\u2019enqu\u00eate de couverture vaccinale de 20<\/td>\n<td><a href=\"https:\/\/2424.mg\/news\/sante-publique-178-des-enfants-sont-estimes-navoir-recu-aucun-vaccin-selon-lenquete-de-couverture-vaccinale-de-2021\/\" target=\"_blank\">Lien<\/a><\/td>\n<\/tr>\n<tr>\n<td> Routine childhood immunisation during the COVID-19 pandemic in Africa: a benefit\u2013risk analysis of health benefits versus excess risk of SARS-CoV-2 infection<\/td>\n<td><a href=\"https:\/\/www.thelancet.com\/journals\/langlo\/article\/PIIS2214-109X(20)30308-9\/fulltext\" target=\"_blank\">Lien<\/a><\/td>\n<\/tr>\n<tr>\n<td> R\u00e9silience des cha\u00eenes d&#8217;approvisionnement des produits de sant\u00e9 et dynamique commerciale internationale : perspectives post-Covid-19<\/td>\n<td><a href=\"https:\/\/espace.enap.ca\/id\/eprint\/268\/\" target=\"_blank\">Lien<\/a><\/td>\n<\/tr>\n<tr>\n<td> La pand\u00e9mie de COVID-19 \u00e0 l\u2019origine du plus grand recul ininterrompu des vaccinations en trente ans<\/td>\n<td><a href=\"https:\/\/www.unicef.org\/fr\/communiqu%C3%A9s-de-presse\/la-covid-19-a-lorigine-du-plus-grand-recul-des-vaccinations\" target=\"_blank\">Lien<\/a><\/td>\n<\/tr>\n<tr>\n<td> L\u2019UNICEF et l\u2019OMS s\u2019inqui\u00e8tent de constater que les conditions actuelles sont particuli\u00e8rement favorables \u00e0 une flamb\u00e9e \u00e9pid\u00e9mique de rougeole, une situation qui met en danger les enfants<\/td>\n<td><a href=\"https:\/\/www.who.int\/fr\/news\/item\/27-04-2022-unicef-and-who-warn-of--perfect-storm--of-conditions-for-measles-outbreaks--affecting-children\" target=\"_blank\">Lien<\/a><\/td>\n<\/tr>\n<tr>\n<td> Impact of COVID-19 on vaccination programs: adverse or positive?<\/td>\n<td><a href=\"https:\/\/doi.org\/10.1080\/21645515.2020.1787065\" target=\"_blank\">Lien<\/a><\/td>\n<\/tr>\n<tr>\n<td> Impact of COVID-19 on polio vaccination in Pakistan: a concise overview<\/td>\n<td><a href=\"https:\/\/onlinelibrary.wiley.com\/doi\/abs\/10.1002\/rmv.2190\" target=\"_blank\">Lien<\/a><\/td>\n<\/tr>\n<tr>\n<td> Impact of COVID-19 lockdown on routine immunisation in Karachi, Pakistan &#8211; The Lancet Global Health<\/td>\n<td><a href=\"https:\/\/www.thelancet.com\/journals\/langlo\/article\/PIIS2214-109X(20)30290-4\/fulltext\" target=\"_blank\">Lien<\/a><\/td>\n<\/tr>\n<tr>\n<td> Impact de la COVID-19 sur la vaccination de routine en milieu hospitalier au S\u00e9n\u00e9gal &#8211; PMC<\/td>\n<td><a href=\"https:\/\/www.ncbi.nlm.nih.gov\/pmc\/articles\/PMC7992424\/\" target=\"_blank\">Lien<\/a><\/td>\n<\/tr>\n<tr>\n<td> Giving as \u201cDe-Risking\u201d: Philanthropy, Impact Investment and the Pandemic Response<\/td>\n<td><a href=\"https:\/\/brill.com\/view\/journals\/puan\/4\/1\/article-p51_003.xml\" target=\"_blank\">Lien<\/a><\/td>\n<\/tr>\n<tr>\n<td> Au moins 80 millions d&#8217;enfants de moins d&#8217;un an risquent de contracter des maladies telles que la dipht\u00e9rie, la rougeole et la polio alors que le COVID-19 perturbe les efforts de vaccination de routine, avertissent Gavi, l&#8217;OMS et l&#8217;UNICEF.<\/td>\n<td><a href=\"https:\/\/www.who.int\/news-room\/detail\/22-05-2020-at-least-80-million-children-under-one-at-risk-of-diseases-such-as-diphtheria-measles-and-polio-as-Covid-19-disrupts-routine-vaccination-efforts-warn-gavi-who-and-unicef\" target=\"_blank\">Lien<\/a><\/td>\n<\/tr>\n<tr>\n<td> At least 80 million children under one at risk of diseases such as diphtheria, measles and polio as COVID-19 disrupts routine vaccination efforts, warn Gavi, WHO and UNICEF<\/td>\n<td><a href=\"https:\/\/www.who.int\/news\/item\/22-05-2020-at-least-80-million-children-under-one-at-risk-of-diseases-such-as-diphtheria-measles-and-polio-as-covid-19-disrupts-routine-vaccination-efforts-warn-gavi-who-and-unicef\" target=\"_blank\">Lien<\/a><\/td>\n<\/tr>\n<tr>\n<td> Madagascar re\u00e7oit un premier lot de 250 000 doses de vaccins dans le cadre de l\u2019initiative COVAX<\/td>\n<td><a href=\"https:\/\/www.unicef.org\/madagascar\/communiqu%C3%A9s-de-presse\/madagascar-re%C3%A7oit-un-premier-lot-de-250-000-doses-de-vaccins-dans-le-cadre-de\" target=\"_blank\">Lien<\/a><\/td>\n<\/tr>\n<tr>\n<td> Madagascar receives first batch of 250,000 vaccine doses as part of the COVAX initiative<\/td>\n<td><a href=\"https:\/\/www.unicef.org\/madagascar\/en\/press-releases\/madagascar-receives-first-batch-250000-vaccine-doses-part-covax-initiative\" target=\"_blank\">Lien<\/a><\/td>\n<\/tr>\n<tr>\n<td> Madagascar marque une ann\u00e9e de vaccination contre la COVID-19, avec 1 181 160 personnes enti\u00e8rement vaccin\u00e9es<\/td>\n<td><a href=\"https:\/\/www.afro.who.int\/fr\/countries\/madagascar\/news\/madagascar-marque-une-annee-de-vaccination-contre-la-covid-19-avec-1-181-160-personnes-entierement\" target=\"_blank\">Lien<\/a><\/td>\n<\/tr>\n<tr>\n<td> Integrating Health Systems and Science to Respond to COVID-19 in a Model District of Rural Madagascar<\/td>\n<td><a href=\"https:\/\/www.frontiersin.org\/articles\/10.3389\/fpubh.2021.654299\/full\" target=\"_blank\">Lien<\/a><\/td>\n<\/tr>\n<tr>\n<td> Programme \u00e9largi de vaccination : Dotation d&#8217;\u00e9quipements de 4,5 milliards d&#8217;ariary de l&#8217;USAID<\/td>\n<td><a href=\"https:\/\/midi-madagasikara.mg\/programme-elargi-de-vaccination-dotation-dequipements-de-45-milliards-dariary-de-lusaid\/\" target=\"_blank\">Lien<\/a><\/td>\n<\/tr>\n<tr>\n<td> Obstacles to routine immunization in Madagascar: Structural, relational and cultural constraints<\/td>\n<td><a href=\"https:\/\/linkinghub.elsevier.com\/retrieve\/pii\/S259013622300089X\" target=\"_blank\">Lien<\/a><\/td>\n<\/tr>\n<tr>\n<td> Obstacles \u00e0 la vaccination de routine \u00e0 Madagascar : contraintes structurelles, relationnelles et culturelles &#8211; ScienceDirect<\/td>\n<td><a href=\"https:\/\/www.sciencedirect.com\/science\/article\/pii\/S259013622300089X\" target=\"_blank\">Lien<\/a><\/td>\n<\/tr>\n<tr>\n<td> Madagascar&#8217;s EPI vaccine programs: A systematic review uncovering the role of a child&#8217;s sex and other barriers to vaccination<\/td>\n<td><a href=\"https:\/\/www.frontiersin.org\/articles\/10.3389\/fpubh.2022.995788\/full\" target=\"_blank\">Lien<\/a><\/td>\n<\/tr>\n<tr>\n<td> Madagascar est encore loin d&#8217;atteindre les objectifs du Plan Mondial pour les Vaccins<\/td>\n<td><a href=\"https:\/\/actu.orange.mg\/madagascar-est-encore-loin-datteindre-les-objectifs-du-plan-mondial-pour-les-vaccins\/\" target=\"_blank\">Lien<\/a><\/td>\n<\/tr>\n<tr>\n<td> Madagascar | Gavi, the Vaccine Alliance<\/td>\n<td><a href=\"https:\/\/www.gavi.org\/fr\/programmes-et-impact\/espace-pays\/afrique\/madagascar\" target=\"_blank\">Lien<\/a><\/td>\n<\/tr>\n<tr>\n<td> Leveraging Innovative Approaches to Track and Prevent Misinformation and Support Routine Immunization [Presentation from the Sharing Learning from Polio SBC Side Event at the 2022 SBCC Summit]<\/td>\n<td><a href=\"https:\/\/www.comminit.com\/polio\/content\/leveraging-innovative-approaches-track-and-prevent-misinformation-and-support-routine-im\" target=\"_blank\">Lien<\/a><\/td>\n<\/tr>\n<tr>\n<td> La Fondation BOA avec l\u2019OMS Madagascar pour la promotion des vaccins | Bank of Africa<\/td>\n<td><a href=\"https:\/\/boamadagascar.com\/2022\/03\/03\/la-fondation-boa-avec-loms-madagascar-pour-la-promotion-des-vaccins\/\" target=\"_blank\">Lien<\/a><\/td>\n<\/tr>\n<tr>\n<td> Factors that influence parents&#8217; and informal caregivers&#8217; acceptance of routine childhood vaccination: a qualitative evidence synthesis<\/td>\n<td><a href=\"https:\/\/www.ncbi.nlm.nih.gov\/pmc\/articles\/PMC6378923\/\" target=\"_blank\">Lien<\/a><\/td>\n<\/tr>\n<tr>\n<td> Afrique : campagne de vaccination contre la polio pour atteindre 21 millions d\u2019enfants | ONU Info<\/td>\n<td><a href=\"https:\/\/news.un.org\/fr\/story\/2023\/05\/1135587\" target=\"_blank\">Lien<\/a><\/td>\n<\/tr>\n<tr>\n<td> Sustaining the Gains of Polio Eradication: Addressing Vaccine Refusals in Northeast Nigeria [Presentation from the Sharing Learning from Polio SBC Side Event at the 2022 SBCC Summit]<\/td>\n<td><a href=\"https:\/\/www.comminit.com\/polio\/content\/sustaining-gains-polio-eradication-addressing-vaccine-refusals-northeast-nigeria-present\" target=\"_blank\">Lien<\/a><\/td>\n<\/tr>\n<tr>\n<td> R\u00e9surgence de la polio : Le faible taux de vaccination point\u00e9 du doigt<\/td>\n<td><a href=\"https:\/\/midi-madagasikara.mg\/resurgence-de-la-polio-le-faible-taux-de-vaccination-pointe-du-doigt\/\" target=\"_blank\">Lien<\/a><\/td>\n<\/tr>\n<tr>\n<td> Qualitative Research on Perceptions of Polio Vaccination in the Context of COVID-19 Vaccination (COVAX) Rollout in Cameroon and Ethiopia [Presentation from the Sharing Learning from Polio SBC Side Event at the 2022 SBCC Summit]<\/td>\n<td><a href=\"https:\/\/www.comminit.com\/polio\/content\/qualitative-research-perceptions-polio-vaccination-context-covax-rollout\" target=\"_blank\">Lien<\/a><\/td>\n<\/tr>\n<tr>\n<td> Poliovirus outbreak in New York State, August 2022: qualitative assessment of immediate public health responses and priorities for improving vaccine coverage<\/td>\n<td><a href=\"https:\/\/www.cambridge.org\/core\/product\/identifier\/S0950268823001127\/type\/journal_article\" target=\"_blank\">Lien<\/a><\/td>\n<\/tr>\n<tr>\n<td> Poliomy\u00e9lite : les derniers d\u00e9fis avant une \u00e9radication compl\u00e8te<\/td>\n<td><a href=\"https:\/\/www.lemonde.fr\/planete\/article\/2023\/10\/18\/poliomyelite-les-derniers-defis-avant-une-eradication-complete_6195091_3244.html\" target=\"_blank\">Lien<\/a><\/td>\n<\/tr>\n<tr>\n<td> Poliomy\u00e9lite : ce qu&#8217;il faut savoir<\/td>\n<td><a href=\"https:\/\/www.pasteur.mg\/thematique\/poliomyelite\/\" target=\"_blank\">Lien<\/a><\/td>\n<\/tr>\n<tr>\n<td> Poliomy\u00e9lite<\/td>\n<td><a href=\"https:\/\/www.who.int\/fr\/news-room\/fact-sheets\/detail\/poliomyelitis\" target=\"_blank\">Lien<\/a><\/td>\n<\/tr>\n<tr>\n<td> Polio : R\u00e9surgence outre-Manche, en Isra\u00ebl et aux Etats-Unis : le vaccin comme arme de d\u00e9fense absolue<\/td>\n<td><a href=\"https:\/\/www.lemonde.fr\/planete\/article\/2022\/08\/18\/resurgence-de-la-poliomyelite-le-vaccin-seule-arme-de-defense-absolue_6138381_3244.html\" target=\"_blank\">Lien<\/a><\/td>\n<\/tr>\n<tr>\n<td> Pinkbook: Poliomyelitis | CDC<\/td>\n<td><a href=\"https:\/\/www.cdc.gov\/vaccines\/pubs\/pinkbook\/polio.html\" target=\"_blank\">Lien<\/a><\/td>\n<\/tr>\n<tr>\n<td> Madagascar cible plus de 18 millions de personnes dans le cadre de la campagne contre la polio du 25 au 28 juillet 2023<\/td>\n<td><a href=\"https:\/\/www.afro.who.int\/fr\/countries\/madagascar\/news\/madagascar-cible-plus-de-18-millions-de-personnes-dans-le-cadre-de-la-campagne-contre-la-polio-du-25\" target=\"_blank\">Lien<\/a><\/td>\n<\/tr>\n<tr>\n<td> La polio existe-t-elle encore? Est-il curable?<\/td>\n<td><a href=\"https:\/\/www.who.int\/fr\/news-room\/questions-and-answers\/item\/does-polio-still-exist-is-it-curable\" target=\"_blank\">Lien<\/a><\/td>\n<\/tr>\n<tr>\n<td> L\u2019Afrique \u00e9radique le poliovirus sauvage<\/td>\n<td><a href=\"https:\/\/www.afro.who.int\/fr\/news\/lafrique-eradique-le-poliovirus-sauvage\" target=\"_blank\">Lien<\/a><\/td>\n<\/tr>\n<tr>\n<td> Journ\u00e9e mondiale de lutte contre la poliomy\u00e9lite 2023<\/td>\n<td><a href=\"https:\/\/www.afro.who.int\/fr\/regional-director\/speeches-messages\/journee-mondiale-de-lutte-contre-la-poliomyelite-2023\" target=\"_blank\">Lien<\/a><\/td>\n<\/tr>\n<tr>\n<td> Introduction \u00e0 la poliomy\u00e9lite et \u00e0 l\u2019Initiative mondiale pour<\/td>\n<td><a href=\"https:\/\/openwho.org\/courses\/polio-introduction-FR\" target=\"_blank\">Lien<\/a><\/td>\n<\/tr>\n<tr>\n<td> GPEI-Polio Now<\/td>\n<td><a href=\"https:\/\/polioeradication.org\/polio-today\/polio-now\/\" target=\"_blank\">Lien<\/a><\/td>\n<\/tr>\n<tr>\n<td> Facteurs Associ\u00e9s \u00e0 la R\u00e9ticence de la Vaccination Contre la Poliomy\u00e9lite chez les M\u00e8res dans la Commune d\u2019Abobo, Abidjan: Cas du Quartier Samak\u00e9<\/td>\n<td><a href=\"http:\/\/eujournal.org\/index.php\/esj\/article\/view\/11902\/11331\" target=\"_blank\">Lien<\/a><\/td>\n<\/tr>\n<tr>\n<td> \u00c9radication de la poliomy\u00e9lite et \u00e9mergence de poliovirus pathog\u00e8nes d\u00e9riv\u00e9s du vaccin: De Madagascar au Cameroun<\/td>\n<td><a href=\"http:\/\/www.medecinesciences.org\/10.1051\/medsci\/20132911021\" target=\"_blank\">Lien<\/a><\/td>\n<\/tr>\n<tr>\n<td> Enterovirus detection in different regions of Madagascar reveals a higher abundance of enteroviruses of species C in areas where several outbreaks of vaccine-derived polioviruses occurred<\/td>\n<td><a href=\"https:\/\/bmcinfectdis.biomedcentral.com\/articles\/10.1186\/s12879-022-07826-0\" target=\"_blank\">Lien<\/a><\/td>\n<\/tr>\n<tr>\n<td> Emergence de Poliovirus : l\u2019Institut Pasteur de Madagascar, activement impliqu\u00e9 dans la lutte<\/td>\n<td><a href=\"https:\/\/www.pasteur.mg\/emergence-de-poliovirus-linstitut-pasteur-de-madagascar-activement-implique-dans-la-lutte\/\" target=\"_blank\">Lien<\/a><\/td>\n<\/tr>\n<tr>\n<td> Assessing the impact of polio supplementary immunisation activities on routine immunisation and health systems: a systematic review<\/td>\n<td><a href=\"https:\/\/gh.bmj.com\/lookup\/doi\/10.1136\/bmjgh-2021-006568\" target=\"_blank\">Lien<\/a><\/td>\n<\/tr>\n<tr>\n<td> 2022 Scientific Declaration on Polio\u200b<\/td>\n<td><a href=\"https:\/\/www.poliodeclaration.org\" target=\"_blank\">Lien<\/a><\/td>\n<\/tr>\n<tr>\n<td> conservation organisation\u2019s approach to COVID-19: Lessons learned from Madagascar\u200b<\/td>\n<td><a href=\"https:\/\/jamba.org.za\/index.php\/jamba\/article\/view\/1285\" target=\"_blank\">Lien<\/a><\/td>\n<\/tr>\n<tr>\n<td>COVID-19 : Madagascar lance une campagne de vaccination de 100 jours\u200b<\/td>\n<td><a href=\"https:\/\/www.afro.who.int\/fr\/countries\/madagascar\/news\/covid-19-madagascar-lance-une-campagne-de-vaccination-de-100-jours\" target=\"_blank\">Lien<\/a><\/td>\n<\/tr>\n<tr>\n<td>COVID-19 vaccination preferences during a pause in Johnson &#038; Johnson vaccine administration<\/td>\n<td><a href=\"https:\/\/linkinghub.elsevier.com\/retrieve\/pii\/S2590136223001146\" target=\"_blank\">Lien<\/a><\/td>\n<\/tr>\n<tr>\n<td>COVID-19, Migrants, Refugees, Mobile Workers: Global Assessment and Action Agenda\u200b<\/td>\n<td><a href=\"http:\/\/rte.espol.edu.ec\/index.php\/tecnologica\/article\/view\/889\" target=\"_blank\">Lien<\/a><\/td>\n<\/tr>\n<p>            <!-- Ajoutez plus de films ici --><br \/>\n        <\/tbody>\n<\/table>\n<p><\/body><br \/>\n<\/html><\/p>\n","protected":false},"excerpt":{"rendered":"<p>Base de donn\u00e9es bibliographique Une base de donn\u00e9es bibliographique, rassemblant une centaine de r\u00e9f\u00e9rences scientifiques, est mise \u00e0 disposition\u00a0des\u00a0chercheurs. Elle comprend des articles, rapports et ouvrages utilis\u00e9s tout au long du projet, facilitant un acc\u00e8s centralis\u00e9, rapide et structur\u00e9 aux ressources\u00a0pertinentes. Tableau des Titres de Films Titre Lien Vaccines hesitancy in Africa: how COVID-19 pandemic [&hellip;]<\/p>\n","protected":false},"author":1,"featured_media":0,"parent":0,"menu_order":0,"comment_status":"closed","ping_status":"closed","template":"","meta":{"footnotes":""},"class_list":["post-461","page","type-page","status-publish","hentry"],"_links":{"self":[{"href":"https:\/\/qualilab-asa.com\/index.php?rest_route=\/wp\/v2\/pages\/461","targetHints":{"allow":["GET"]}}],"collection":[{"href":"https:\/\/qualilab-asa.com\/index.php?rest_route=\/wp\/v2\/pages"}],"about":[{"href":"https:\/\/qualilab-asa.com\/index.php?rest_route=\/wp\/v2\/types\/page"}],"author":[{"embeddable":true,"href":"https:\/\/qualilab-asa.com\/index.php?rest_route=\/wp\/v2\/users\/1"}],"replies":[{"embeddable":true,"href":"https:\/\/qualilab-asa.com\/index.php?rest_route=%2Fwp%2Fv2%2Fcomments&post=461"}],"version-history":[{"count":229,"href":"https:\/\/qualilab-asa.com\/index.php?rest_route=\/wp\/v2\/pages\/461\/revisions"}],"predecessor-version":[{"id":2501,"href":"https:\/\/qualilab-asa.com\/index.php?rest_route=\/wp\/v2\/pages\/461\/revisions\/2501"}],"wp:attachment":[{"href":"https:\/\/qualilab-asa.com\/index.php?rest_route=%2Fwp%2Fv2%2Fmedia&parent=461"}],"curies":[{"name":"wp","href":"https:\/\/api.w.org\/{rel}","templated":true}]}}